t n = c + -1. Let t = -45 - n. Calculate the remainder when t is divided by 13.
11
Suppose 8 = 3*y - 34. Let f = y + -9. Suppose 0 = -3*a + 5*m + 10, f*a + 3*m = -11 + 73. Calculate the remainder when 29 is divided by a.
9
Suppose c - 1 = 3. Suppose -2*f + 7*f - 60 = -5*w, c*w + 51 = 5*f. Calculate the remainder when ((-12)/5)/((-6)/80) is divided by f.
10
Suppose 10 = 4*y + y. Suppose -21 = -y*l - l. Let k = 4 + 16. What is the remainder when k is divided by l?
6
Let m(w) = w**2 - 6*w + 8. Let a be 8 + -1 + 4/(-4). Calculate the remainder when m(a) is divided by 5.
3
Let a be -4*(3/(-3))/2. Suppose -a*m = 3*m - 230. What is the remainder when m is divided by 12?
10
Suppose 15*n + 76 = 19*n. Let m(r) = 3*r - 2. What is the remainder when n is divided by m(4)?
9
Suppose -2 = y - 5. Suppose 0 = 4*k - 4*b - 32, -2*k + 3*k = 2*b + y. What is the remainder when k is divided by 7?
6
Suppose 159 = 5*f - 6. Let y = f + -23. What is the remainder when 28 is divided by y?
8
Let u = -39 - -54. Calculate the remainder when 55 is divided by u.
10
Let q(g) = 4*g**2 - 5*g + 4. What is the remainder when 197 is divided by q(3)?
22
What is the remainder when (3/2)/(((-25)/6)/(-25)) is divided by 6?
3
Suppose -172 = -4*v + 4*g, -98 = -2*v - 2*g - 2*g. Suppose -2*p = a - v, 5*p - 119 = 3*a + a. What is the remainder when p is divided by 13?
10
Suppose -2*p - 82 - 76 = -4*i, -3*i = 4*p - 113. Let l = 132 - 82. What is the remainder when i is divided by (8/(-5))/((-4)/l)?
19
Let b(g) = 1 + 13*g + 16*g - 7*g. Let a = -106 - -129. Calculate the remainder when b(2) is divided by a.
22
Let r be 1 + -2 + 2 + 1. Suppose 14 = 3*w - r*w. Let b = -74 - -114. Calculate the remainder when b is divided by w.
12
Let t(u) = -u**3 + 7*u**2 - 6*u - 3. Let m be t(5). Let l = m + -2. Calculate the remainder when l is divided by 4.
3
Suppose -5*d + 2 + 3 = -5*m, -3*m + 12 = 0. Calculate the remainder when 42 is divided by 2 + 1 - (-3 - d).
9
Let j be (-5)/(-15) + 32/(-6). Let i be (-2)/2*(-4 + 11). Let l = j - i. What is the remainder when 2 is divided by l?
0
Let m(k) = -k**3 + 13*k**2 + 16*k - 17. What is the remainder when 42 is divided by m(14)?
9
Suppose -6*f = -7*f + 294. Suppose -f = 6*p - 9*p. What is the remainder when p is divided by 25?
23
Suppose -2*d = 3*o - 6*d + 40, -d = 2. Let q = 0 - o. Let b(j) = j**3 - 4*j**2 + 2*j + 1. What is the remainder when q is divided by b(4)?
7
Let x(l) = -10*l + 1. Suppose -59 = -4*w + 105. What is the remainder when w is divided by x(-2)?
20
Suppose -2*c = -5*t + 37, 4*t = c - 4 + 33. Calculate the remainder when 26 is divided by t.
5
Calculate the remainder when (-26)/(-143) + 141/11 is divided by 5.
3
Calculate the remainder when 0 + -4 - 0 - -60 is divided by 16.
8
Let x(y) = -y**2 - 5*y + 2. Let s(r) = -r**3 + 6*r**2 + 2. Calculate the remainder when x(-5) is divided by s(6).
0
Suppose 43 + 17 = 2*y. Let d = 35 + y. What is the remainder when d is divided by 22?
21
Suppose -3*y - 4 = -g, 0 = g - y + 2*y + 4. Calculate the remainder when (1/g - -1)*32 is divided by 6.
4
Let g(b) = 2*b + 1. Let i(v) = -3*v - 2. Let d(c) = -6*g(c) - 5*i(c). Calculate the remainder when d(7) is divided by 13.
12
Suppose x = -4 + 49. Calculate the remainder when x is divided by 24.
21
Let n be 111/6 + 2/(-4). Suppose 20*r - 30 = n*r. What is the remainder when 28 is divided by r?
13
Let o be ((-3)/(-4))/((-4)/112). Let p = o + 38. Calculate the remainder when p is divided by 10.
7
Let q be (8/2)/(2 - 0). Suppose -5*r = w - 6, 2*w = -q*r + 4*r + 36. Calculate the remainder when w is divided by 9.
7
Suppose -3*h + 2*u = u - 21, -5*u + 55 = 5*h. What is the remainder when 15 is divided by h?
7
Let a(p) = -p**2 + 9*p - 9. Let c be a(8). What is the remainder when c/(-4) - 590/(-8) is divided by 25?
24
Suppose -3*f = 9, z + 4*z + 2*f - 84 = 0. What is the remainder when 69 is divided by z?
15
Suppose -81 = -f - 4*g, f + 2*f + g = 210. What is the remainder when f is divided by 24?
21
Suppose i + 3*i = 84. Calculate the remainder when 60 is divided by i.
18
Suppose 0 = -4*x + 5 + 27. Suppose -4*a + 40 = x. Suppose 2*g - 13 = 5*o, 3*g - 4*o - 24 = 6. What is the remainder when g is divided by a?
6
Suppose -j + 18 - 4 = 0. Let x(l) = -2*l - 1. Let t be x(-3). Calculate the remainder when j is divided by 42/t + (-4)/10.
6
Let j = 41 + -11. Calculate the remainder when 88 is divided by j.
28
Suppose -2*f + 34 = v, 0 = -5*v + 6*f - 4*f + 134. Calculate the remainder when 105 is divided by v.
21
Let w be -3 + (-8)/(-4) + 2. Let k(t) = 7*t**2 - 2*t + 1. What is the remainder when 16 is divided by k(w)?
4
Let a(u) = u. What is the remainder when a(14) is divided by 8?
6
Suppose -5*n + 35 = 5*x, -2*n - 55 = -5*x + 3*n. What is the remainder when 26 is divided by x?
8
Suppose -14 = -y - 5. Let p(u) = u**2 + u - 5. What is the remainder when p(5) is divided by y?
7
Suppose -c + 9 = 5*a, -6*c - 4*a - 12 = -2*c. What is the remainder when 31 is divided by c/(-18)*(35 + -2)?
9
Suppose -321 = -4*f + 5*r, 0*r - 3*r = 3. What is the remainder when f is divided by 16?
15
Let i = 14 + -4. What is the remainder when 29 is divided by i?
9
Suppose -2*q = -7 - 19. Let y = q + -5. What is the remainder when 31 is divided by y?
7
Let q(k) = 8*k - 3. Suppose 4*c = -c + 65. Calculate the remainder when q(5) is divided by c.
11
Let y(o) = -3*o + 8. Suppose 0*t - 2*t = -28. What is the remainder when y(-6) is divided by t?
12
Let j = 70 + -62. Calculate the remainder when j is divided by 3.
2
Let d(u) = u**2 + 2*u - 2. Calculate the remainder when 10 is divided by d(-4).
4
Suppose 0 = w - 5*w + 568. Calculate the remainder when w is divided by 36.
34
Calculate the remainder when -2 + 39 + 1 + -1 is divided by 19.
18
Suppose 5*g = 4*a - 52, 0*g + 39 = 3*a - g. What is the remainder when a is divided by 9?
4
Let q(d) = -d**3 + 8*d**2 + 2*d - 12. Let z be q(8). Let k = 16 + -9. What is the remainder when k is divided by 0 + 0 - (0 - z)?
3
Let a(v) = v - 5. Suppose s - 21 = -2*s. Let o be a(s). Let g(d) = 7*d + 1. What is the remainder when 44 is divided by g(o)?
14
Suppose -n = 9 - 29. What is the remainder when n is divided by 3 - (-1 - 7) - 0?
9
Suppose -4*q = -32 - 32. What is the remainder when 62 is divided by q?
14
Suppose 40*k - 34*k = 1506. Calculate the remainder when k is divided by 36.
35
Let u be (-12)/(-9)*(-3)/2. Let l be (u/2)/((-7)/(-42)). Let v = l - -29. Calculate the remainder when v is divided by 6.
5
Suppose -4*z + 11 + 9 = 0. Calculate the remainder when 13 is divided by z.
3
Let k = 1 + -1. Let m be k + 1 + (2 - 3). Suppose r - 4*x + 5 = m, 2*r - r - 19 = -2*x. What is the remainder when 20 is divided by r?
9
Suppose 0 = -2*n - 0*n + 18. Suppose 11 = 5*s + 1. What is the remainder when s - (1 - 7)*4 is divided by n?
8
Let a = 26 - 49. Suppose 5*z - 4*v - 226 = 0, -2*z - z + 118 = 2*v. Let n = z + a. What is the remainder when n is divided by 7?
5
Let s be (-44)/(-6)*6/4. Suppose 5*q = -2*m + s + 6, -5*m - 2*q = -32. What is the remainder when 17 is divided by m?
5
Suppose -4*b + 14 = 5*c, 3*b - 15 = -2*c - 1. What is the remainder when 105 is divided by b?
3
Let j(w) = w**2 + 2*w - 3. Suppose f + 2*v = v + 4, 0 = 2*f - 5*v - 15. Suppose 3*o + 8 = u - 3, -f = 5*u. What is the remainder when 8 is divided by j(o)?
3
Let n(s) = -2*s**3 - 25*s**2 - 14*s - 13. What is the remainder when 14 is divided by n(-12)?
3
Suppose 4*f - 54 = -2*z, -4*f = -z + 30 - 81. Calculate the remainder when 0 - (-5)/(15/72) is divided by f.
11
Let f(y) = -y**2 - 13*y - 16. Calculate the remainder when 28 is divided by f(-8).
4
Let n(d) = d**3 - 4*d**2 - 11*d + 14. Calculate the remainder when n(6) is divided by 8.
4
Suppose w = 3*w. Suppose m + 3*m - 28 = w. Suppose 3*y + 0*y = 2*x + 51, -4*x + 107 = 5*y. Calculate the remainder when y is divided by m.
5
Let w = -102 + 137. Calculate the remainder when w is divided by 6.
5
Suppose 2*a - 84 = -4*a. What is the remainder when 55 is divided by a?
13
What is the remainder when (2 - 12/(-2))*39/12 is divided by 3?
2
Let r(o) = o**3 + 11*o**2 - o - 7. Let a be r(-11). Suppose -5 = -w, -t - 3*w = -a*t + 168. Calculate the remainder when t is divided by 16.
13
Let n be 7/3 - 6/18. Let r(l) = -l**3 - 2*l**2 + 3*l - 1. Calculate the remainder when r(